hest common factor of y and 220?
44
Suppose 8*k - 10*k = -106. Let h = k + -23. Calculate the highest common factor of 150 and h.
30
Let y = -6 - -30. Let w = -43 + 43. Suppose w = 7*n - 3*n - y. What is the highest common divisor of 4 and n?
2
Let p be 34/272 - (-4318)/16. What is the greatest common divisor of 30 and p?
30
Let u be 4*-1*(-105)/(-28). Let f be (-1)/3 - 65/u. Let z be (-8)/(-3)*78/f. What is the highest common factor of z and 13?
13
Suppose 13*p = -28*p + 2132. Suppose 110 = b - 20. Calculate the greatest common factor of p and b.
26
Let p be 5/((-15)/(-9)) - -1. Suppose p*c - 3 = 9. Suppose c*o + o - 36 = 0. What is the highest common divisor of 63 and o?
9
Let z = -22 - -42. Let j = 6 + z. Let l = -19 + j. What is the highest common factor of 14 and l?
7
Suppose 17*h - 12*h - 180 = -2*t, -4*t - 14 = -h. Calculate the highest common factor of h and 34.
34
Let t(c) = 22*c**3 - 5*c**2 + 5*c. Let b be t(3). Calculate the greatest common divisor of 12 and b.
12
Let f = 8 - 4. Suppose b + b = f*o - 16, -o - 4*b + 13 = 0. Suppose -181 = -5*u + 3*m - m, -2*u + 55 = 5*m. What is the highest common factor of u and o?
5
Suppose 13*z + 132 = 24*z. Calculate the highest common factor of z and 9.
3
Let a be 3/(-4) - (-71)/4. Suppose 13 + a = 2*y. Let z be 2/9 - 2015/(-45). What is the greatest common factor of y and z?
15
Let s be (-8)/8 - (1 - 370). What is the greatest common factor of 32 and s?
16
Let g be 1 + 4/(1 + 0). Suppose 4*x - 5*k - 4 = 12, -16 = -4*x - g*k. What is the highest common divisor of 6 and x?
2
Suppose 2*v = -17*j + 18*j + 8509, 2*j - 21295 = -5*v. What is the highest common factor of 129 and v?
129
Let m = -1008 + 1131. Calculate the highest common divisor of m and 41.
41
Suppose 0 = -3*p - g - g + 58, -4*g = 4*p - 80. Suppose -v - 2*w - w = -p, -4*w + 68 = 5*v. Let k = 13 - v. Calculate the greatest common divisor of 5 and k.
1
Let z = -28 + 9. Let s = -14 - z. Suppose -4*q + 16 = -3*i + i, 5*i = q + s. Calculate the greatest common divisor of 20 and q.
5
Let j(g) = 32*g**3 - 5*g**2 + 4*g + 1. Let o be j(2). Suppose o = 9*n - 70. What is the greatest common factor of 175 and n?
35
Let x(f) = f**3 + 12*f**2 - 14*f - 7. Let z be x(-13). Suppose 8 = o + o. Let c be (-22 + o)*(-4)/6. Calculate the highest common divisor of c and z.
6
Let q = 1 + 6. Suppose 18 = 4*p - q*p. Let x be p/(-1)*10/2. What is the highest common divisor of x and 15?
15
Let p(g) = g**2 + 9*g + 15. Let o be p(-7). Let x be o/(2/(-6)*-3). Let d(l) = l**2 - 5*l - 5. Let m be d(6). What is the highest common factor of x and m?
1
Let p = 163 + -105. Let w be ((-3)/(-3))/(1/40). Suppose -2*o + w = -18. Calculate the greatest common factor of o and p.
29
Let t be (-4 - -22)/(2 - -1). Calculate the greatest common factor of t and 21.
3
Suppose -2*w + 46 = -0. Suppose -4*v = -21 - w. Suppose v = j - 2*m, m = 4*j + 2*m - 89. Calculate the greatest common divisor of 3 and j.
3
Let x be (-18)/30 - 26/(-10). Suppose -p - d + 21 = 0, 46 = 2*p - x*d + 3*d. What is the greatest common factor of p and 50?
25
Suppose 0*l + 3*o = -4*l + 1982, l - o - 492 = 0. Calculate the highest common factor of l and 95.
19
Let s = -19 + 27. Let d be (2/6)/(3/18*1). Suppose -d*b + b = -5*x + 160, 5*x = -3*b + 160. Calculate the highest common factor of s and x.
8
Suppose -15*s = -21*s + 1740. What is the greatest common divisor of 29 and s?
29
Let j be (-123 - (2 - 1))/((-166)/1743). Calculate the highest common divisor of 62 and j.
62
Let p be (-2)/(-5) - (380/(-50) + 7). Calculate the highest common factor of p and 5.
1
Let a(w) = 746*w + 45. Let s(p) = 149*p + 9. Let c(r) = -2*a(r) + 11*s(r). Let k be c(-4). Let v = 832 + k. What is the highest common divisor of 23 and v?
23
Let r(i) = i**3 - 8*i**2 - 7*i - 16. Let y be r(9). Calculate the greatest common factor of y and 502.
2
Let t(u) = 2*u**2 + 30*u - 12. Let l be t(-17). Calculate the highest common divisor of l and 40.
8
Let f be -5*1/2*192/(-60). Suppose f*x - 45 = 5*x. What is the greatest common divisor of x and 10?
5
Let j(x) = -62*x - 3. Let b be j(-2). Calculate the highest common divisor of b and 11.
11
Let p(t) = -13*t - 45. Let d be p(-6). Suppose 0 = 5*y - 5*b - 90, -4*y - b = -59 - d. What is the greatest common factor of y and 77?
11
Suppose 5*z - a = 148, 70 = 2*z + 5*a - 0*a. Suppose 2*i - 36 = z. Suppose -4*b - 9 = -i. Calculate the greatest common divisor of 15 and b.
3
Let p = -88 + 333. Suppose u - 3 = -5, -4*u + 732 = t. Suppose -3*s - p = -t. What is the highest common divisor of 15 and s?
15
Let u = -149 - -164. Suppose -9 = -2*t - t. Suppose 2*y - 20 = -y - 5*k, 0 = -y - t*k. What is the greatest common divisor of u and y?
15
Let f be (20 + -8)/(6/(-4)). Let i(r) = -r**3 - 6*r**2 + 12*r + 8. Let p be i(f). Let g be (-2)/8 + 260/16. Calculate the greatest common divisor of p and g.
8
Let q(o) = -2*o + 8. Let n be q(4). Let j = 17 + n. What is the greatest common factor of 85 and j?
17
Let l = -20 + 16. Let r be (-504)/(-16)*l/(-6). Suppose 189 + r = 5*d. Calculate the highest common divisor of 6 and d.
6
Suppose 3095 = 26*f - 441. What is the greatest common factor of 34 and f?
34
Let r = 26 + -26. Suppose 82 = 2*z - o, 176 = 4*z + 4*o - r. Suppose 4*l + z = b, 2*b - 5*l = 72 + 3. What is the highest common factor of b and 6?
6
Let q be 64/6 - (-8 - 200/(-30)). Suppose -2 + 11 = z. Calculate the highest common divisor of z and q.
3
Let c = -406 - -416. What is the highest common factor of 6 and c?
2
Suppose 8*y = -13*y + 105. Suppose -3*c = -5*k + 63, c = -y*k + 2*c + 61. Calculate the greatest common divisor of 48 and k.
12
Let q(g) = -g**3 + 27*g**2 + 26*g + 134. Let r be q(28). Calculate the greatest common divisor of r and 1677.
39
Let x(w) = -w**3 + 13*w**2 + w - 10. Let b be x(13). Suppose 3*q - 6 + b = 0. Let g = 85 + -84. Calculate the greatest common factor of q and g.
1
Suppose f - 63 = y + 49, -2*f - y = -224. Suppose 0 = w + 5*a - f, w + 3*a = 78 + 36. What is the greatest common factor of 13 and w?
13
Let o = -2 + 26. Let c = 6 + o. What is the greatest common factor of 240 and c?
30
Let w = 5 - -2. Suppose -h = w - 4. Let b be h/(-4) + 328/32. Calculate the greatest common factor of 33 and b.
11
Let o = -21 + 35. Suppose -4*x + 10 = x. Let d be 15/((-124)/(-56) - x). What is the greatest common divisor of d and o?
14
Suppose -5*q = -6*q + 167. Suppose 0 = 5*f - q - 393. Calculate the highest common factor of f and 16.
16
Suppose 19*o - 228310 = -60*o. Calculate the highest common divisor of o and 17.
17
Suppose 6*y - 16 - 2 = 0. Suppose -4*j = -2*r - j + 15, -4*r = 3*j - 57. Calculate the highest common divisor of r and y.
3
Let k = 8 - 6. Suppose -2*n + k = 4, -19 = -2*u + 3*n. Calculate the greatest common factor of u and 40.
8
Let l = 258 + -234. What is the highest common divisor of l and 1536?
24
Suppose 0*w - 6*w = -30. Suppose 10*g - w*g - 75 = 0. What is the greatest common factor of g and 75?
15
Suppose 16*p - 141 = 195. Calculate the highest common divisor of p and 21.
21
Let f(y) = -2*y**2 + 5. Let q be f(0). Suppose 3*j - j = 0. Suppose j = -2*k - 10, -3*k = -a - 4*k + 40. What is the greatest common divisor of a and q?
5
Let b(a) = a**2 - 2*a - a**3 + 5 - 11 + a**2. Let w be b(-4). Let h = 42 + w. Calculate the highest common divisor of 56 and h.
28
Let o(r) be the second derivative of 2*r**4/3 - r**2/2 + 5*r. Let z be o(-1). Let k = 17 - -11. What is the greatest common factor of k and z?
7
Let f(c) = -3*c + 18. Let s be 3/12 - (-99)/36. Let p be f(s). Let l = 29 + 43. Calculate the highest common factor of p and l.
9
Let r(o) = o**3 - 11*o**2 + o - 7. Let a be r(11). Suppose 423 = a*y + 59. Suppose -5 = -4*n + y. What is the greatest common factor of n and 8?
8
Suppose 3*z = -0*i + 4*i - 55, 5*i - 55 = z. Suppose -c = c - i. Suppose -3 = -c*v + 2. Calculate the highest common factor of v and 8.
1
Suppose -29 = -4*r - 5*z - 7, -r = -z - 1. Suppose 2*u - 3 = -j, -4*u + r*j - j + 26 = 0. Calculate the greatest common divisor of u and 28.
4
Suppose -105 = 3*i - 7*i + 5*v, 3*i - v = 76. Calculate the highest common divisor of i and 5.
5
Suppose 2*k - 22 + 1 = -5*o, 0 = 2*k - 2*o - 56. What is the greatest common divisor of 943 and k?
23
Let t(i) = -i**3 + 11*i**2 + 26. 